1
What are the prime factors of 5513?
37, 149
What are the prime factors of 125?
5
What are the prime factors of 3565?
5, 23, 31
What are the prime factors of 4300?
2, 5, 43
What are the prime factors of 824?
2, 103
What are the prime factors of 61719?
3, 7, 2939
What are the prime factors of 627?
3, 11, 19
What are the prime factors of 31671?
3, 17, 23
List the prime factors of 47142.
2, 3, 97
List the prime factors of 14979.
3, 4993
What are the prime factors of 122216?
2, 15277
What are the prime factors of 4446?
2, 3, 13, 19
What are the prime factors of 1072?
2, 67
What are the prime factors of 88583?
11, 8053
What are the prime factors of 269?
269
What are the prime factors of 1739?
37, 47
What are the prime factors of 68281?
68281
List the prime factors of 5671.
53, 107
What are the prime factors of 14704?
2, 919
What are the prime factors of 3749?
23, 163
What are the prime factors of 21483?
3, 7, 11, 31
List the prime factors of 60402.
2, 3, 10067
List the prime factors of 328.
2, 41
What are the prime factors of 882?
2, 3, 7
What are the prime factors of 8718?
2, 3, 1453
List the prime factors of 4993.
4993
List the prime factors of 18549.
3, 229
What are the prime factors of 2136?
2, 3, 89
List the prime factors of 777.
3, 7, 37
What are the prime factors of 521?
521
What are the prime factors of 15907?
15907
What are the prime factors of 1111?
11, 101
List the prime factors of 12640.
2, 5, 79
What are the prime factors of 1982?
2, 991
What are the prime factors of 5557?
5557
List the prime factors of 16404.
2, 3, 1367
What are the prime factors of 31097?
11, 257
List the prime factors of 250.
2, 5
What are the prime factors of 1699?
1699
List the prime factors of 42029.
13, 53, 61
What are the prime factors of 35933?
35933
What are the prime factors of 6383?
13, 491
List the prime factors of 18276.
2, 3, 1523
What are the prime factors of 13?
13
What are the prime factors of 8558?
2, 11, 389
What are the prime factors of 3939?
3, 13, 101
What are the prime factors of 56307?
3, 137
What are the prime factors of 7353?
3, 19, 43
What are the prime factors of 700?
2, 5, 7
What are the prime factors of 4338?
2, 3, 241
List the prime factors of 21565.
5, 19, 227
What are the prime factors of 188808?
2, 3, 7867
List the prime factors of 19141.
19141
List the prime factors of 5137.
11, 467
What are the prime factors of 538?
2, 269
List the prime factors of 3650.
2, 5, 73
List the prime factors of 125.
5
List the prime factors of 344.
2, 43
What are the prime factors of 1402?
2, 701
List the prime factors of 3096.
2, 3, 43
List the prime factors of 129.
3, 43
What are the prime factors of 23996?
2, 7, 857
List the prime factors of 7247.
7247
What are the prime factors of 9791?
9791
List the prime factors of 404.
2, 101
What are the prime factors of 1855?
5, 7, 53
List the prime factors of 3615.
3, 5, 241
What are the prime factors of 523?
523
List the prime factors of 2177.
7, 311
List the prime factors of 111076.
2, 7, 3967
List the prime factors of 1385.
5, 277
List the prime factors of 1179.
3, 131
List the prime factors of 330.
2, 3, 5, 11
List the prime factors of 35758.
2, 19, 941
List the prime factors of 285.
3, 5, 19
List the prime factors of 217.
7, 31
List the prime factors of 4253.
4253
What are the prime factors of 155272?
2, 13, 1493
What are the prime factors of 106?
2, 53
List the prime factors of 3626.
2, 7, 37
What are the prime factors of 84451?
79, 1069
What are the prime factors of 12623?
13, 971
What are the prime factors of 7453?
29, 257
What are the prime factors of 26393?
26393
What are the prime factors of 5932?
2, 1483
List the prime factors of 2806.
2, 23, 61
What are the prime factors of 32405?
5, 6481
What are the prime factors of 2560?
2, 5
List the prime factors of 4348.
2, 1087
What are the prime factors of 7399?
7, 151
List the prime factors of 1905.
3, 5, 127
What are the prime factors of 1694?
2, 7, 11
List the prime factors of 27185.
5, 5437
List the prime factors of 14780.
2, 5, 739
List the prime factors of 5119.
5119
List the prime factors of 24945.
3, 5, 1663
What are the prime factors of 83597?
83597
What are the prime factors of 9338?
2, 7, 23, 29
List the prime factors of 1824.
2, 3, 19
List the prime factors of 77563.
77563
List the prime factors of 3276.
2, 3, 7, 13
What are the prime factors of 867?
3, 17
What are the prime factors of 11103?
3, 3701
List the prime factors of 636.
2, 3, 53
List the prime factors of 4264.
2, 13, 41
What are the prime factors of 947?
947
List the prime factors of 14943.
3, 17, 293
What are the prime factors of 25939?
25939
What are the prime factors of 1405?
5, 281
List the prime factors of 679.
7, 97
List the prime factors of 2799.
3, 311
What are the prime factors of 6845?
5, 37
What are the prime factors of 960?
2, 3, 5
What are the prime factors of 127803?
3, 13, 29, 113
What are the prime factors of 2907?
3, 17, 19
What are the prime factors of 43764?
2, 3, 7, 521
What are the prime factors of 170?
2, 5, 17
List the prime factors of 317.
317
List the prime factors of 2070.
2, 3, 5, 23
What are the prime factors of 7080?
2, 3, 5, 59
List the prime factors of 536.
2, 67
What are the prime factors of 12244?
2, 3061
List the prime factors of 4902.
2, 3, 19, 43
What are the prime factors of 71080?
2, 5, 1777
List the prime factors of 49623.
3, 7, 17, 139
List the prime factors of 9706.
2, 23, 211
What are the prime factors of 172062?
2, 3, 11, 79
What are the prime factors of 18824?
2, 13, 181
List the prime factors of 8684.
2, 13, 167
What are the prime factors of 797?
797
List the prime factors of 67497.
3, 149, 151
List the prime factors of 14789.
23, 643
List the prime factors of 1827.
3, 7, 29
List the prime factors of 100645.
5, 20129
What are the prime factors of 9425?
5, 13, 29
What are the prime factors of 928?
2, 29
List the prime factors of 4851.
3, 7, 11
What are the prime factors of 533?
13, 41
What are the prime factors of 1514?
2, 757
What are the prime factors of 19219?
19219
What are the prime factors of 2302?
2, 1151
List the prime factors of 181.
181
List the prime factors of 4869.
3, 541
List the prime factors of 21145.
5, 4229
List the prime factors of 9006.
2, 3, 19, 79
What are the prime factors of 26597?
26597
What are the prime factors of 611?
13, 47
List the prime factors of 276.
2, 3, 23
List the prime factors of 809.
809
What are the prime factors of 48272?
2, 7, 431
What are the prime factors of 588?
2, 3, 7
List the prime factors of 1309.
7, 11, 17
List the prime factors of 9152.
2, 11, 13
What are the prime factors of 27996?
2, 3, 2333
List the prime factors of 8870.
2, 5, 887
What are the prime factors of 947?
947
List the prime factors of 50344.
2, 7, 29, 31
List the prime factors of 6411.
3, 2137
List the prime factors of 42950.
2, 5, 859
What are the prime factors of 14689?
37, 397
List the prime factors of 409.
409
List the prime factors of 252.
2, 3, 7
What are the prime factors of 2189?
11, 199
List the prime factors of 32532.
2, 3, 2711
List the prime factors of 2286.
2, 3, 127
What are the prime factors of 8912?
2, 557
List the prime factors of 33.
3, 11
What are the prime factors of 3286?
2, 31, 53
What are the prime factors of 148927?
148927
What are the prime factors of 8826?
2, 3, 1471
List the prime factors of 119466.
2, 3, 6637
List the prime factors of 3533.
3533
What are the prime factors of 3947?
3947
List the prime factors of 34159.
34159
What are the prime factors of 2056?
2, 257
List the prime factors of 4753.
7, 97
List the prime factors of 20655.
3, 5, 17
What are the prime factors of 222?
2, 3, 37
List the prime factors of 2911.
41, 71
List the prime factors of 1253.
7, 179
List the prime factors of 40070.
2, 5, 4007
List the prime factors of 2523.
3, 29
What are the prime factors of 490?
2, 5, 7
What are the prime factors of 14387?
14387
What are the prime factors of 908?
2, 227
What are the prime factors of 24992?
2, 11, 71
What are the prime factors of 24668?
2, 7, 881
What are the prime factors of 4337?
4337
What are the prime factors of 663?
3, 13, 17
What are the prime factors of 11578?
2, 7, 827
List the prime factors of 6480.
2, 3, 5
List the prime factors of 897.
3, 13, 23
What are the prime fact